{"id":525,"date":"2023-05-15T12:25:31","date_gmt":"2023-05-15T10:25:31","guid":{"rendered":"http:\/\/fsdabqy.cluster028.hosting.ovh.net\/?page_id=525"},"modified":"2023-10-06T11:00:44","modified_gmt":"2023-10-06T09:00:44","slug":"checkout-contact","status":"publish","type":"page","link":"https:\/\/www.eversea.blue\/index.php\/checkout-contact\/","title":{"rendered":"Checkout Contact"},"content":{"rendered":"\t\t<div data-elementor-type=\"wp-page\" data-elementor-id=\"525\" class=\"elementor elementor-525\" data-elementor-post-type=\"page\">\n\t\t\t\t<div class=\"elementor-element elementor-element-26e7d88 e-flex e-con-boxed e-con e-parent\" data-id=\"26e7d88\" data-element_type=\"container\" data-e-type=\"container\">\n\t\t\t\t\t<div class=\"e-con-inner\">\n\t\t\t\t<div class=\"elementor-element elementor-element-48198e4 elementor-icon-list--layout-inline elementor-list-item-link-full_width elementor-widget elementor-widget-icon-list\" data-id=\"48198e4\" data-element_type=\"widget\" data-e-type=\"widget\" data-widget_type=\"icon-list.default\">\n\t\t\t\t<div class=\"elementor-widget-container\">\n\t\t\t\t\t\t\t<ul class=\"elementor-icon-list-items elementor-inline-items\">\n\t\t\t\t\t\t\t<li class=\"elementor-icon-list-item elementor-inline-item\">\n\t\t\t\t\t\t\t\t\t\t\t<a href=\"https:\/\/www.eversea.blue\/\">\n\n\t\t\t\t\t\t\t\t\t\t\t<span class=\"elementor-icon-list-text\">Accueil<\/span>\n\t\t\t\t\t\t\t\t\t\t\t<\/a>\n\t\t\t\t\t\t\t\t\t<\/li>\n\t\t\t\t\t\t\t\t<li class=\"elementor-icon-list-item elementor-inline-item\">\n\t\t\t\t\t\t\t\t\t\t\t<a href=\"https:\/\/www.eversea.blue\/index.php\/checkout-contact\/\">\n\n\t\t\t\t\t\t\t\t\t\t\t\t<span class=\"elementor-icon-list-icon\">\n\t\t\t\t\t\t\t<svg aria-hidden=\"true\" class=\"e-font-icon-svg e-fas-long-arrow-alt-right\" viewBox=\"0 0 448 512\" xmlns=\"http:\/\/www.w3.org\/2000\/svg\"><path d=\"M313.941 216H12c-6.627 0-12 5.373-12 12v56c0 6.627 5.373 12 12 12h301.941v46.059c0 21.382 25.851 32.09 40.971 16.971l86.059-86.059c9.373-9.373 9.373-24.569 0-33.941l-86.059-86.059c-15.119-15.119-40.971-4.411-40.971 16.971V216z\"><\/path><\/svg>\t\t\t\t\t\t<\/span>\n\t\t\t\t\t\t\t\t\t\t<span class=\"elementor-icon-list-text\">Prendre contact avec un de nos conseillers<\/span>\n\t\t\t\t\t\t\t\t\t\t\t<\/a>\n\t\t\t\t\t\t\t\t\t<\/li>\n\t\t\t\t\t\t<\/ul>\n\t\t\t\t\t\t<\/div>\n\t\t\t\t<\/div>\n\t\t\t\t\t<\/div>\n\t\t\t\t<\/div>\n\t\t<div class=\"elementor-element elementor-element-304a7f1 e-flex e-con-boxed e-con e-parent\" data-id=\"304a7f1\" data-element_type=\"container\" data-e-type=\"container\">\n\t\t\t\t\t<div class=\"e-con-inner\">\n\t\t\t\t<div class=\"elementor-element elementor-element-e122168 elementor-widget elementor-widget-heading\" data-id=\"e122168\" data-element_type=\"widget\" data-e-type=\"widget\" data-widget_type=\"heading.default\">\n\t\t\t\t<div class=\"elementor-widget-container\">\n\t\t\t\t\t<h1 class=\"elementor-heading-title elementor-size-default\">Confirmation d\u2019envoi<\/h1>\t\t\t\t<\/div>\n\t\t\t\t<\/div>\n\t\t\t\t\t<\/div>\n\t\t\t\t<\/div>\n\t\t<div class=\"elementor-element elementor-element-37f083c e-flex e-con-boxed e-con e-parent\" data-id=\"37f083c\" data-element_type=\"container\" data-e-type=\"container\">\n\t\t\t\t\t<div class=\"e-con-inner\">\n\t\t\t\t<div class=\"elementor-element elementor-element-edd3777 elementor-widget elementor-widget-image\" data-id=\"edd3777\" data-element_type=\"widget\" data-e-type=\"widget\" data-widget_type=\"image.default\">\n\t\t\t\t<div class=\"elementor-widget-container\">\n\t\t\t\t\t\t\t\t\t\t\t\t\t\t\t<img decoding=\"async\" width=\"236\" height=\"181\" src=\"https:\/\/www.eversea.blue\/wp-content\/uploads\/2023\/05\/PICTO_MAIL.png\" class=\"attachment-large size-large wp-image-530\" alt=\"\" \/>\t\t\t\t\t\t\t\t\t\t\t\t\t\t\t<\/div>\n\t\t\t\t<\/div>\n\t\t\t\t\t<\/div>\n\t\t\t\t<\/div>\n\t\t<div class=\"elementor-element elementor-element-06b2e49 e-flex e-con-boxed e-con e-parent\" data-id=\"06b2e49\" data-element_type=\"container\" data-e-type=\"container\">\n\t\t\t\t\t<div class=\"e-con-inner\">\n\t\t\t\t<div class=\"elementor-element elementor-element-1cf31b6 elementor-widget elementor-widget-text-editor\" data-id=\"1cf31b6\" data-element_type=\"widget\" data-e-type=\"widget\" data-widget_type=\"text-editor.default\">\n\t\t\t\t<div class=\"elementor-widget-container\">\n\t\t\t\t\t\t\t\t\t<p>Merci de nous avoir envoy\u00e9 un message. Un de nos conseillers vous r\u00e9pondra dans les plus brefs d\u00e9lais. D\u2019ici l\u00e0, nous vous invitons \u00e0 parcourir nos projets en cours.<\/p><p><script src=\"chrome-extension:\/\/bmdblncegkenkacieihfhpjfppoconhi\/scripts\/in-page-script.js\" type=\"text\/javascript\"><\/script><\/p><p><script src=\"chrome-extension:\/\/bmdblncegkenkacieihfhpjfppoconhi\/scripts\/in-page-script.js\" type=\"text\/javascript\"><\/script><\/p><p><script src=\"chrome-extension:\/\/bmdblncegkenkacieihfhpjfppoconhi\/scripts\/in-page-script.js\" type=\"text\/javascript\"><\/script><\/p>\t\t\t\t\t\t\t\t<\/div>\n\t\t\t\t<\/div>\n\t\t\t\t<div class=\"elementor-element elementor-element-d950f88 elementor-align-center elementor-widget elementor-widget-button\" data-id=\"d950f88\" data-element_type=\"widget\" data-e-type=\"widget\" data-widget_type=\"button.default\">\n\t\t\t\t<div class=\"elementor-widget-container\">\n\t\t\t\t\t\t\t\t\t<div class=\"elementor-button-wrapper\">\n\t\t\t\t\t<a class=\"elementor-button elementor-button-link elementor-size-md\" href=\"https:\/\/www.eversea.blue\/\">\n\t\t\t\t\t\t<span class=\"elementor-button-content-wrapper\">\n\t\t\t\t\t\t\t\t\t<span class=\"elementor-button-text\">Revenir \u00e0 l\u2019accueil<\/span>\n\t\t\t\t\t<\/span>\n\t\t\t\t\t<\/a>\n\t\t\t\t<\/div>\n\t\t\t\t\t\t\t\t<\/div>\n\t\t\t\t<\/div>\n\t\t\t\t\t<\/div>\n\t\t\t\t<\/div>\n\t\t<div class=\"elementor-element elementor-element-f186df0 e-con-full e-flex e-con e-parent\" data-id=\"f186df0\" data-element_type=\"container\" data-e-type=\"container\" data-settings=\"{&quot;background_background&quot;:&quot;classic&quot;}\">\n\t\t<div class=\"elementor-element elementor-element-d6cd6c2 e-con-full e-flex e-con e-child\" data-id=\"d6cd6c2\" data-element_type=\"container\" data-e-type=\"container\">\n\t\t\t\t<div class=\"elementor-element elementor-element-6f6e9c9 elementor-widget elementor-widget-heading\" data-id=\"6f6e9c9\" data-element_type=\"widget\" data-e-type=\"widget\" data-widget_type=\"heading.default\">\n\t\t\t\t<div class=\"elementor-widget-container\">\n\t\t\t\t\t<h2 class=\"elementor-heading-title elementor-size-default\">J'ai un projet \u00e0 impact marin<\/h2>\t\t\t\t<\/div>\n\t\t\t\t<\/div>\n\t\t\t\t<div class=\"elementor-element elementor-element-b745a61 elementor-widget elementor-widget-text-editor\" data-id=\"b745a61\" data-element_type=\"widget\" data-e-type=\"widget\" data-widget_type=\"text-editor.default\">\n\t\t\t\t<div class=\"elementor-widget-container\">\n\t\t\t\t\t\t\t\t\t<p>Soumettez ici votre projet, faites une simulation, et\/ou contactez-nous pour d\u00e9couvrir tous les services dont vous pouvez b\u00e9n\u00e9ficier.<\/p>\t\t\t\t\t\t\t\t<\/div>\n\t\t\t\t<\/div>\n\t\t\t\t<div class=\"elementor-element elementor-element-789df94 elementor-widget__width-auto elementor-widget elementor-widget-button\" data-id=\"789df94\" data-element_type=\"widget\" data-e-type=\"widget\" data-widget_type=\"button.default\">\n\t\t\t\t<div class=\"elementor-widget-container\">\n\t\t\t\t\t\t\t\t\t<div class=\"elementor-button-wrapper\">\n\t\t\t\t\t<a class=\"elementor-button elementor-button-link elementor-size-sm\" href=\"https:\/\/www.eversea.blue\/index.php\/soumettre-un-projet-court\/\">\n\t\t\t\t\t\t<span class=\"elementor-button-content-wrapper\">\n\t\t\t\t\t\t\t\t\t<span class=\"elementor-button-text\">Soumettre un projet<\/span>\n\t\t\t\t\t<\/span>\n\t\t\t\t\t<\/a>\n\t\t\t\t<\/div>\n\t\t\t\t\t\t\t\t<\/div>\n\t\t\t\t<\/div>\n\t\t\t\t<\/div>\n\t\t\t\t<\/div>\n\t\t\t\t<\/div>\n\t\t","protected":false},"excerpt":{"rendered":"<p>Accueil Prendre contact avec un de nos conseillers Confirmation d\u2019envoi Merci de nous avoir envoy\u00e9 un message. Un de nos conseillers vous r\u00e9pondra dans les plus brefs d\u00e9lais. D\u2019ici l\u00e0, nous vous invitons \u00e0 parcourir nos projets en cours. Revenir \u00e0 l\u2019accueil J&rsquo;ai un projet \u00e0 impact marin Soumettez ici votre projet, faites une simulation, [&hellip;]<\/p>\n","protected":false},"author":1,"featured_media":0,"parent":0,"menu_order":0,"comment_status":"closed","ping_status":"closed","template":"elementor_header_footer","meta":{"_acf_changed":false,"footnotes":""},"class_list":["post-525","page","type-page","status-publish","hentry"],"acf":[],"yoast_head":"<!-- This site is optimized with the Yoast SEO plugin v27.4 - https:\/\/yoast.com\/product\/yoast-seo-wordpress\/ -->\n<title>Checkout Contact - Eversea<\/title>\n<meta name=\"robots\" content=\"index, follow, max-snippet:-1, max-image-preview:large, max-video-preview:-1\" \/>\n<link rel=\"canonical\" href=\"https:\/\/www.eversea.blue\/index.php\/checkout-contact\/\" \/>\n<meta property=\"og:locale\" content=\"fr_FR\" \/>\n<meta property=\"og:type\" content=\"article\" \/>\n<meta property=\"og:title\" content=\"Checkout Contact - Eversea\" \/>\n<meta property=\"og:description\" content=\"Accueil Prendre contact avec un de nos conseillers Confirmation d\u2019envoi Merci de nous avoir envoy\u00e9 un message. Un de nos conseillers vous r\u00e9pondra dans les plus brefs d\u00e9lais. D\u2019ici l\u00e0, nous vous invitons \u00e0 parcourir nos projets en cours. Revenir \u00e0 l\u2019accueil J&rsquo;ai un projet \u00e0 impact marin Soumettez ici votre projet, faites une simulation, [&hellip;]\" \/>\n<meta property=\"og:url\" content=\"https:\/\/www.eversea.blue\/index.php\/checkout-contact\/\" \/>\n<meta property=\"og:site_name\" content=\"Eversea\" \/>\n<meta property=\"article:modified_time\" content=\"2023-10-06T09:00:44+00:00\" \/>\n<meta property=\"og:image\" content=\"https:\/\/www.eversea.blue\/wp-content\/uploads\/2023\/05\/PICTO_MAIL.png\" \/>\n<meta name=\"twitter:card\" content=\"summary_large_image\" \/>\n<meta name=\"twitter:label1\" content=\"Dur\u00e9e de lecture estim\u00e9e\" \/>\n\t<meta name=\"twitter:data1\" content=\"1 minute\" \/>\n<script type=\"application\/ld+json\" class=\"yoast-schema-graph\">{\"@context\":\"https:\\\/\\\/schema.org\",\"@graph\":[{\"@type\":\"WebPage\",\"@id\":\"https:\\\/\\\/www.eversea.blue\\\/index.php\\\/checkout-contact\\\/\",\"url\":\"https:\\\/\\\/www.eversea.blue\\\/index.php\\\/checkout-contact\\\/\",\"name\":\"Checkout Contact - Eversea\",\"isPartOf\":{\"@id\":\"https:\\\/\\\/www.eversea.blue\\\/#website\"},\"primaryImageOfPage\":{\"@id\":\"https:\\\/\\\/www.eversea.blue\\\/index.php\\\/checkout-contact\\\/#primaryimage\"},\"image\":{\"@id\":\"https:\\\/\\\/www.eversea.blue\\\/index.php\\\/checkout-contact\\\/#primaryimage\"},\"thumbnailUrl\":\"https:\\\/\\\/www.eversea.blue\\\/wp-content\\\/uploads\\\/2023\\\/05\\\/PICTO_MAIL.png\",\"datePublished\":\"2023-05-15T10:25:31+00:00\",\"dateModified\":\"2023-10-06T09:00:44+00:00\",\"breadcrumb\":{\"@id\":\"https:\\\/\\\/www.eversea.blue\\\/index.php\\\/checkout-contact\\\/#breadcrumb\"},\"inLanguage\":\"fr-FR\",\"potentialAction\":[{\"@type\":\"ReadAction\",\"target\":[\"https:\\\/\\\/www.eversea.blue\\\/index.php\\\/checkout-contact\\\/\"]}]},{\"@type\":\"ImageObject\",\"inLanguage\":\"fr-FR\",\"@id\":\"https:\\\/\\\/www.eversea.blue\\\/index.php\\\/checkout-contact\\\/#primaryimage\",\"url\":\"https:\\\/\\\/www.eversea.blue\\\/wp-content\\\/uploads\\\/2023\\\/05\\\/PICTO_MAIL.png\",\"contentUrl\":\"https:\\\/\\\/www.eversea.blue\\\/wp-content\\\/uploads\\\/2023\\\/05\\\/PICTO_MAIL.png\",\"width\":236,\"height\":181},{\"@type\":\"BreadcrumbList\",\"@id\":\"https:\\\/\\\/www.eversea.blue\\\/index.php\\\/checkout-contact\\\/#breadcrumb\",\"itemListElement\":[{\"@type\":\"ListItem\",\"position\":1,\"name\":\"Accueil\",\"item\":\"https:\\\/\\\/www.eversea.blue\\\/\"},{\"@type\":\"ListItem\",\"position\":2,\"name\":\"Checkout Contact\"}]},{\"@type\":\"WebSite\",\"@id\":\"https:\\\/\\\/www.eversea.blue\\\/#website\",\"url\":\"https:\\\/\\\/www.eversea.blue\\\/\",\"name\":\"Eversea\",\"description\":\"\",\"publisher\":{\"@id\":\"https:\\\/\\\/www.eversea.blue\\\/#organization\"},\"potentialAction\":[{\"@type\":\"SearchAction\",\"target\":{\"@type\":\"EntryPoint\",\"urlTemplate\":\"https:\\\/\\\/www.eversea.blue\\\/?s={search_term_string}\"},\"query-input\":{\"@type\":\"PropertyValueSpecification\",\"valueRequired\":true,\"valueName\":\"search_term_string\"}}],\"inLanguage\":\"fr-FR\"},{\"@type\":\"Organization\",\"@id\":\"https:\\\/\\\/www.eversea.blue\\\/#organization\",\"name\":\"Eversea\",\"url\":\"https:\\\/\\\/www.eversea.blue\\\/\",\"logo\":{\"@type\":\"ImageObject\",\"inLanguage\":\"fr-FR\",\"@id\":\"https:\\\/\\\/www.eversea.blue\\\/#\\\/schema\\\/logo\\\/image\\\/\",\"url\":\"https:\\\/\\\/www.eversea.blue\\\/wp-content\\\/uploads\\\/2023\\\/03\\\/LOGO.png\",\"contentUrl\":\"https:\\\/\\\/www.eversea.blue\\\/wp-content\\\/uploads\\\/2023\\\/03\\\/LOGO.png\",\"width\":1277,\"height\":246,\"caption\":\"Eversea\"},\"image\":{\"@id\":\"https:\\\/\\\/www.eversea.blue\\\/#\\\/schema\\\/logo\\\/image\\\/\"}}]}<\/script>\n<!-- \/ Yoast SEO plugin. -->","yoast_head_json":{"title":"Checkout Contact - Eversea","robots":{"index":"index","follow":"follow","max-snippet":"max-snippet:-1","max-image-preview":"max-image-preview:large","max-video-preview":"max-video-preview:-1"},"canonical":"https:\/\/www.eversea.blue\/index.php\/checkout-contact\/","og_locale":"fr_FR","og_type":"article","og_title":"Checkout Contact - Eversea","og_description":"Accueil Prendre contact avec un de nos conseillers Confirmation d\u2019envoi Merci de nous avoir envoy\u00e9 un message. Un de nos conseillers vous r\u00e9pondra dans les plus brefs d\u00e9lais. D\u2019ici l\u00e0, nous vous invitons \u00e0 parcourir nos projets en cours. Revenir \u00e0 l\u2019accueil J&rsquo;ai un projet \u00e0 impact marin Soumettez ici votre projet, faites une simulation, [&hellip;]","og_url":"https:\/\/www.eversea.blue\/index.php\/checkout-contact\/","og_site_name":"Eversea","article_modified_time":"2023-10-06T09:00:44+00:00","og_image":[{"url":"https:\/\/www.eversea.blue\/wp-content\/uploads\/2023\/05\/PICTO_MAIL.png","type":"","width":"","height":""}],"twitter_card":"summary_large_image","twitter_misc":{"Dur\u00e9e de lecture estim\u00e9e":"1 minute"},"schema":{"@context":"https:\/\/schema.org","@graph":[{"@type":"WebPage","@id":"https:\/\/www.eversea.blue\/index.php\/checkout-contact\/","url":"https:\/\/www.eversea.blue\/index.php\/checkout-contact\/","name":"Checkout Contact - Eversea","isPartOf":{"@id":"https:\/\/www.eversea.blue\/#website"},"primaryImageOfPage":{"@id":"https:\/\/www.eversea.blue\/index.php\/checkout-contact\/#primaryimage"},"image":{"@id":"https:\/\/www.eversea.blue\/index.php\/checkout-contact\/#primaryimage"},"thumbnailUrl":"https:\/\/www.eversea.blue\/wp-content\/uploads\/2023\/05\/PICTO_MAIL.png","datePublished":"2023-05-15T10:25:31+00:00","dateModified":"2023-10-06T09:00:44+00:00","breadcrumb":{"@id":"https:\/\/www.eversea.blue\/index.php\/checkout-contact\/#breadcrumb"},"inLanguage":"fr-FR","potentialAction":[{"@type":"ReadAction","target":["https:\/\/www.eversea.blue\/index.php\/checkout-contact\/"]}]},{"@type":"ImageObject","inLanguage":"fr-FR","@id":"https:\/\/www.eversea.blue\/index.php\/checkout-contact\/#primaryimage","url":"https:\/\/www.eversea.blue\/wp-content\/uploads\/2023\/05\/PICTO_MAIL.png","contentUrl":"https:\/\/www.eversea.blue\/wp-content\/uploads\/2023\/05\/PICTO_MAIL.png","width":236,"height":181},{"@type":"BreadcrumbList","@id":"https:\/\/www.eversea.blue\/index.php\/checkout-contact\/#breadcrumb","itemListElement":[{"@type":"ListItem","position":1,"name":"Accueil","item":"https:\/\/www.eversea.blue\/"},{"@type":"ListItem","position":2,"name":"Checkout Contact"}]},{"@type":"WebSite","@id":"https:\/\/www.eversea.blue\/#website","url":"https:\/\/www.eversea.blue\/","name":"Eversea","description":"","publisher":{"@id":"https:\/\/www.eversea.blue\/#organization"},"potentialAction":[{"@type":"SearchAction","target":{"@type":"EntryPoint","urlTemplate":"https:\/\/www.eversea.blue\/?s={search_term_string}"},"query-input":{"@type":"PropertyValueSpecification","valueRequired":true,"valueName":"search_term_string"}}],"inLanguage":"fr-FR"},{"@type":"Organization","@id":"https:\/\/www.eversea.blue\/#organization","name":"Eversea","url":"https:\/\/www.eversea.blue\/","logo":{"@type":"ImageObject","inLanguage":"fr-FR","@id":"https:\/\/www.eversea.blue\/#\/schema\/logo\/image\/","url":"https:\/\/www.eversea.blue\/wp-content\/uploads\/2023\/03\/LOGO.png","contentUrl":"https:\/\/www.eversea.blue\/wp-content\/uploads\/2023\/03\/LOGO.png","width":1277,"height":246,"caption":"Eversea"},"image":{"@id":"https:\/\/www.eversea.blue\/#\/schema\/logo\/image\/"}}]}},"_links":{"self":[{"href":"https:\/\/www.eversea.blue\/index.php\/wp-json\/wp\/v2\/pages\/525","targetHints":{"allow":["GET"]}}],"collection":[{"href":"https:\/\/www.eversea.blue\/index.php\/wp-json\/wp\/v2\/pages"}],"about":[{"href":"https:\/\/www.eversea.blue\/index.php\/wp-json\/wp\/v2\/types\/page"}],"author":[{"embeddable":true,"href":"https:\/\/www.eversea.blue\/index.php\/wp-json\/wp\/v2\/users\/1"}],"replies":[{"embeddable":true,"href":"https:\/\/www.eversea.blue\/index.php\/wp-json\/wp\/v2\/comments?post=525"}],"version-history":[{"count":18,"href":"https:\/\/www.eversea.blue\/index.php\/wp-json\/wp\/v2\/pages\/525\/revisions"}],"predecessor-version":[{"id":2248,"href":"https:\/\/www.eversea.blue\/index.php\/wp-json\/wp\/v2\/pages\/525\/revisions\/2248"}],"wp:attachment":[{"href":"https:\/\/www.eversea.blue\/index.php\/wp-json\/wp\/v2\/media?parent=525"}],"curies":[{"name":"wp","href":"https:\/\/api.w.org\/{rel}","templated":true}]}}